{"id":150,"date":"2018-03-27T00:40:46","date_gmt":"2018-03-26T22:40:46","guid":{"rendered":"http:\/\/svswm-modellbahn.de\/home\/?page_id=150"},"modified":"2021-08-30T02:44:59","modified_gmt":"2021-08-30T00:44:59","slug":"videofahrten","status":"publish","type":"page","link":"https:\/\/svswm-modellbahn.de\/home\/galerie\/videofahrten\/","title":{"rendered":"Videofahrten"},"content":{"rendered":"<h3>Hier sind alle bisherigen Videofahrten zu finden. Neue Fahrten sind laufend in Planung!<\/h3>\n<h2><\/h2>\n<h2><strong>Videofahrt 1.0 vom 12.09.2015<\/strong><\/h2>\n<p><iframe loading=\"lazy\" width=\"800\" height=\"450\" src=\"https:\/\/www.youtube.com\/embed\/BYAKgDF1fNM\" allowfullscreen=\"allowfullscreen\" frameborder=\"0\"><\/iframe><\/p>\n<p>Dise Fahrt beginnt in Treuchtlingen und f\u00fchrt dann \u00fcber Otting-Weilheim (2:00) und M\u00fcndling (3:07) zum Zentralen Schattenbahnhof Laim (5:08). Anschlie\u00dfend geht es nach einer Wendefahrt (5:55) weiter \u00fcber Eichst\u00e4tt (9:20) zur\u00fcck nach Treuchtlingen (10:57). Nach einem kurzen Halt auf Gleis 4 f\u00fchrt die Fahrt weiter zum Abzweig Dollnstein (13:18), an dem von der Hauptbahn auf die Nebenbahn Abgezweigt wird. Kurze Zeit sp\u00e4ter erreicht der Zug den Bahnhof H\u00f6llrietskreuth (13:39). Ab dort geht es nur noch Diesl-, bzw. Dampfbetrieben weiter nach Kreutzstra\u00dfe (15:07). \u00dcber den Haltepunkt Wasserzell (15:58) f\u00e4hrt der Zug dann wieder nach Eichst\u00e4tt (16:05) und anschlie\u00dfend weiter zur\u00fcck nach Laim (19:11). Zuletzt f\u00fchrt die Fahrt \u00fcber den Abzweig Pleinfeld (20:40) zum Schattenbahnhof Pasing West (21:10), wo die Fahrt endet.<\/p>\n<h2>Videofahrt vom 23.05.2019<\/h2>\n<h2><iframe loading=\"lazy\" width=\"800\" height=\"450\" src=\"https:\/\/youtube.com\/embed\/1K7hMgZB7iU\" allowfullscreen=\"allowfullscreen\" frameborder=\"0\"><span style=\"display: inline-block; width: 0px; overflow: hidden; line-height: 0;\" data-mce-type=\"bookmark\" class=\"mce_SELRES_start\">\ufeff<\/span><span style=\"display: inline-block; width: 0px; overflow: hidden; line-height: 0;\" data-mce-type=\"bookmark\" class=\"mce_SELRES_start\">\ufeff<\/span><\/iframe><\/h2>\n<p>Diese Fahrt f\u00fchrt \u00fcber alle Hauptbahnen unserer Anlage. Eine genauere Bechreibung folgt bald!<\/p>\n<p>Neben Videofahrten haben wir auch ein Mitglied, das kurze Videos von unserer Anlage auf YouTube online stellt, die einen etwas gr\u00f6\u00dferen \u00dcberblick \u00fcber die Anlage und teilweise den aktuellen Baufortschritt geben.<\/p>\n<p>Hier eine Auswahl:<\/p>\n<p><iframe loading=\"lazy\" width=\"800\" height=\"450\" src=\"https:\/\/www.youtube.com\/embed\/Se-O712xahY\" allowfullscreen=\"allowfullscreen\" frameborder=\"0\"><\/iframe><\/p>\n<p><iframe loading=\"lazy\" width=\"800\" height=\"450\" src=\"https:\/\/www.youtube.com\/embed\/Gmz0c02dEU4\" allowfullscreen=\"allowfullscreen\" frameborder=\"0\"><\/iframe><\/p>\n","protected":false},"excerpt":{"rendered":"<p>Hier sind alle bisherigen Videofahrten zu finden. Neue Fahrten sind laufend in Planung! Videofahrt 1.0 vom 12.09.2015 Dise Fahrt beginnt in Treuchtlingen und f\u00fchrt dann \u00fcber Otting-Weilheim (2:00) und M\u00fcndling (3:07) zum Zentralen Schattenbahnhof Laim (5:08). Anschlie\u00dfend geht es nach einer Wendefahrt (5:55) weiter \u00fcber Eichst\u00e4tt (9:20) zur\u00fcck nach Treuchtlingen [&hellip;]<\/p>\n","protected":false},"author":1,"featured_media":0,"parent":2,"menu_order":0,"comment_status":"closed","ping_status":"closed","template":"","meta":{"footnotes":""},"class_list":["post-150","page","type-page","status-publish","hentry"],"yoast_head":"<!-- This site is optimized with the Yoast SEO plugin v25.4 - https:\/\/yoast.com\/wordpress\/plugins\/seo\/ -->\n<title>--Videofahrten-- Modelleisenbahn SV Stadtwerke M\u00fcnchen --MEC SWM--<\/title>\n<meta name=\"description\" content=\"Videofahrten Modelleisenbahn SV Stadtwerke M\u00fcnchen -- MEC M\u00fcnchen -- -- Modelleisnbahnclub M\u00fcnchen -- Hier werden sie Videofahrten auf der Anlage gezeigt und genau erkl\u00e4rt. Es kommen regelm\u00e4\u00dfig neue Videofahrten dazu.\" \/>\n<meta name=\"robots\" content=\"index, follow, max-snippet:-1, max-image-preview:large, max-video-preview:-1\" \/>\n<link rel=\"canonical\" href=\"https:\/\/svswm-modellbahn.de\/home\/galerie\/videofahrten\/\" \/>\n<meta property=\"og:locale\" content=\"de_DE\" \/>\n<meta property=\"og:type\" content=\"article\" \/>\n<meta property=\"og:title\" content=\"--Videofahrten-- Modelleisenbahn SV Stadtwerke M\u00fcnchen --MEC SWM--\" \/>\n<meta property=\"og:description\" content=\"Videofahrten Modelleisenbahn SV Stadtwerke M\u00fcnchen -- MEC M\u00fcnchen -- -- Modelleisnbahnclub M\u00fcnchen -- Hier werden sie Videofahrten auf der Anlage gezeigt und genau erkl\u00e4rt. Es kommen regelm\u00e4\u00dfig neue Videofahrten dazu.\" \/>\n<meta property=\"og:url\" content=\"https:\/\/svswm-modellbahn.de\/home\/galerie\/videofahrten\/\" \/>\n<meta property=\"og:site_name\" content=\"Modelleisenbahn\" \/>\n<meta property=\"article:modified_time\" content=\"2021-08-30T00:44:59+00:00\" \/>\n<meta name=\"twitter:card\" content=\"summary_large_image\" \/>\n<meta name=\"twitter:label1\" content=\"Gesch\u00e4tzte Lesezeit\" \/>\n\t<meta name=\"twitter:data1\" content=\"1\u00a0Minute\" \/>\n<script type=\"application\/ld+json\" class=\"yoast-schema-graph\">{\"@context\":\"https:\/\/schema.org\",\"@graph\":[{\"@type\":\"WebPage\",\"@id\":\"https:\/\/svswm-modellbahn.de\/home\/galerie\/videofahrten\/\",\"url\":\"https:\/\/svswm-modellbahn.de\/home\/galerie\/videofahrten\/\",\"name\":\"--Videofahrten-- Modelleisenbahn SV Stadtwerke M\u00fcnchen --MEC SWM--\",\"isPartOf\":{\"@id\":\"https:\/\/svswm-modellbahn.de\/home\/#website\"},\"datePublished\":\"2018-03-26T22:40:46+00:00\",\"dateModified\":\"2021-08-30T00:44:59+00:00\",\"description\":\"Videofahrten Modelleisenbahn SV Stadtwerke M\u00fcnchen -- MEC M\u00fcnchen -- -- Modelleisnbahnclub M\u00fcnchen -- Hier werden sie Videofahrten auf der Anlage gezeigt und genau erkl\u00e4rt. Es kommen regelm\u00e4\u00dfig neue Videofahrten dazu.\",\"breadcrumb\":{\"@id\":\"https:\/\/svswm-modellbahn.de\/home\/galerie\/videofahrten\/#breadcrumb\"},\"inLanguage\":\"de\",\"potentialAction\":[{\"@type\":\"ReadAction\",\"target\":[\"https:\/\/svswm-modellbahn.de\/home\/galerie\/videofahrten\/\"]}]},{\"@type\":\"BreadcrumbList\",\"@id\":\"https:\/\/svswm-modellbahn.de\/home\/galerie\/videofahrten\/#breadcrumb\",\"itemListElement\":[{\"@type\":\"ListItem\",\"position\":1,\"name\":\"Startseite\",\"item\":\"https:\/\/svswm-modellbahn.de\/home\/\"},{\"@type\":\"ListItem\",\"position\":2,\"name\":\"Galerie\",\"item\":\"https:\/\/svswm-modellbahn.de\/home\/galerie\/\"},{\"@type\":\"ListItem\",\"position\":3,\"name\":\"Videofahrten\"}]},{\"@type\":\"WebSite\",\"@id\":\"https:\/\/svswm-modellbahn.de\/home\/#website\",\"url\":\"https:\/\/svswm-modellbahn.de\/home\/\",\"name\":\"Modelleisenbahn\",\"description\":\"SV Stadtwerke M\u00fcnchen e.V.\",\"publisher\":{\"@id\":\"https:\/\/svswm-modellbahn.de\/home\/#organization\"},\"potentialAction\":[{\"@type\":\"SearchAction\",\"target\":{\"@type\":\"EntryPoint\",\"urlTemplate\":\"https:\/\/svswm-modellbahn.de\/home\/?s={search_term_string}\"},\"query-input\":{\"@type\":\"PropertyValueSpecification\",\"valueRequired\":true,\"valueName\":\"search_term_string\"}}],\"inLanguage\":\"de\"},{\"@type\":\"Organization\",\"@id\":\"https:\/\/svswm-modellbahn.de\/home\/#organization\",\"name\":\"Abteilung Modelleisenbahn SV Stadtwerke M\u00fcnchen e.V.\",\"url\":\"https:\/\/svswm-modellbahn.de\/home\/\",\"logo\":{\"@type\":\"ImageObject\",\"inLanguage\":\"de\",\"@id\":\"https:\/\/svswm-modellbahn.de\/home\/#\/schema\/logo\/image\/\",\"url\":\"http:\/\/svswm-modellbahn.de\/wp-content\/uploads\/2017\/12\/sv-stadtwerke-logo.png\",\"contentUrl\":\"http:\/\/svswm-modellbahn.de\/wp-content\/uploads\/2017\/12\/sv-stadtwerke-logo.png\",\"width\":129,\"height\":150,\"caption\":\"Abteilung Modelleisenbahn SV Stadtwerke M\u00fcnchen e.V.\"},\"image\":{\"@id\":\"https:\/\/svswm-modellbahn.de\/home\/#\/schema\/logo\/image\/\"},\"sameAs\":[\"https:\/\/www.instagram.com\/ssm_modellbahnclub_muenchen\/\"]}]}<\/script>\n<!-- \/ Yoast SEO plugin. -->","yoast_head_json":{"title":"--Videofahrten-- Modelleisenbahn SV Stadtwerke M\u00fcnchen --MEC SWM--","description":"Videofahrten Modelleisenbahn SV Stadtwerke M\u00fcnchen -- MEC M\u00fcnchen -- -- Modelleisnbahnclub M\u00fcnchen -- Hier werden sie Videofahrten auf der Anlage gezeigt und genau erkl\u00e4rt. Es kommen regelm\u00e4\u00dfig neue Videofahrten dazu.","robots":{"index":"index","follow":"follow","max-snippet":"max-snippet:-1","max-image-preview":"max-image-preview:large","max-video-preview":"max-video-preview:-1"},"canonical":"https:\/\/svswm-modellbahn.de\/home\/galerie\/videofahrten\/","og_locale":"de_DE","og_type":"article","og_title":"--Videofahrten-- Modelleisenbahn SV Stadtwerke M\u00fcnchen --MEC SWM--","og_description":"Videofahrten Modelleisenbahn SV Stadtwerke M\u00fcnchen -- MEC M\u00fcnchen -- -- Modelleisnbahnclub M\u00fcnchen -- Hier werden sie Videofahrten auf der Anlage gezeigt und genau erkl\u00e4rt. Es kommen regelm\u00e4\u00dfig neue Videofahrten dazu.","og_url":"https:\/\/svswm-modellbahn.de\/home\/galerie\/videofahrten\/","og_site_name":"Modelleisenbahn","article_modified_time":"2021-08-30T00:44:59+00:00","twitter_card":"summary_large_image","twitter_misc":{"Gesch\u00e4tzte Lesezeit":"1\u00a0Minute"},"schema":{"@context":"https:\/\/schema.org","@graph":[{"@type":"WebPage","@id":"https:\/\/svswm-modellbahn.de\/home\/galerie\/videofahrten\/","url":"https:\/\/svswm-modellbahn.de\/home\/galerie\/videofahrten\/","name":"--Videofahrten-- Modelleisenbahn SV Stadtwerke M\u00fcnchen --MEC SWM--","isPartOf":{"@id":"https:\/\/svswm-modellbahn.de\/home\/#website"},"datePublished":"2018-03-26T22:40:46+00:00","dateModified":"2021-08-30T00:44:59+00:00","description":"Videofahrten Modelleisenbahn SV Stadtwerke M\u00fcnchen -- MEC M\u00fcnchen -- -- Modelleisnbahnclub M\u00fcnchen -- Hier werden sie Videofahrten auf der Anlage gezeigt und genau erkl\u00e4rt. Es kommen regelm\u00e4\u00dfig neue Videofahrten dazu.","breadcrumb":{"@id":"https:\/\/svswm-modellbahn.de\/home\/galerie\/videofahrten\/#breadcrumb"},"inLanguage":"de","potentialAction":[{"@type":"ReadAction","target":["https:\/\/svswm-modellbahn.de\/home\/galerie\/videofahrten\/"]}]},{"@type":"BreadcrumbList","@id":"https:\/\/svswm-modellbahn.de\/home\/galerie\/videofahrten\/#breadcrumb","itemListElement":[{"@type":"ListItem","position":1,"name":"Startseite","item":"https:\/\/svswm-modellbahn.de\/home\/"},{"@type":"ListItem","position":2,"name":"Galerie","item":"https:\/\/svswm-modellbahn.de\/home\/galerie\/"},{"@type":"ListItem","position":3,"name":"Videofahrten"}]},{"@type":"WebSite","@id":"https:\/\/svswm-modellbahn.de\/home\/#website","url":"https:\/\/svswm-modellbahn.de\/home\/","name":"Modelleisenbahn","description":"SV Stadtwerke M\u00fcnchen e.V.","publisher":{"@id":"https:\/\/svswm-modellbahn.de\/home\/#organization"},"potentialAction":[{"@type":"SearchAction","target":{"@type":"EntryPoint","urlTemplate":"https:\/\/svswm-modellbahn.de\/home\/?s={search_term_string}"},"query-input":{"@type":"PropertyValueSpecification","valueRequired":true,"valueName":"search_term_string"}}],"inLanguage":"de"},{"@type":"Organization","@id":"https:\/\/svswm-modellbahn.de\/home\/#organization","name":"Abteilung Modelleisenbahn SV Stadtwerke M\u00fcnchen e.V.","url":"https:\/\/svswm-modellbahn.de\/home\/","logo":{"@type":"ImageObject","inLanguage":"de","@id":"https:\/\/svswm-modellbahn.de\/home\/#\/schema\/logo\/image\/","url":"http:\/\/svswm-modellbahn.de\/wp-content\/uploads\/2017\/12\/sv-stadtwerke-logo.png","contentUrl":"http:\/\/svswm-modellbahn.de\/wp-content\/uploads\/2017\/12\/sv-stadtwerke-logo.png","width":129,"height":150,"caption":"Abteilung Modelleisenbahn SV Stadtwerke M\u00fcnchen e.V."},"image":{"@id":"https:\/\/svswm-modellbahn.de\/home\/#\/schema\/logo\/image\/"},"sameAs":["https:\/\/www.instagram.com\/ssm_modellbahnclub_muenchen\/"]}]}},"_links":{"self":[{"href":"https:\/\/svswm-modellbahn.de\/home\/wp-json\/wp\/v2\/pages\/150","targetHints":{"allow":["GET"]}}],"collection":[{"href":"https:\/\/svswm-modellbahn.de\/home\/wp-json\/wp\/v2\/pages"}],"about":[{"href":"https:\/\/svswm-modellbahn.de\/home\/wp-json\/wp\/v2\/types\/page"}],"author":[{"embeddable":true,"href":"https:\/\/svswm-modellbahn.de\/home\/wp-json\/wp\/v2\/users\/1"}],"replies":[{"embeddable":true,"href":"https:\/\/svswm-modellbahn.de\/home\/wp-json\/wp\/v2\/comments?post=150"}],"version-history":[{"count":16,"href":"https:\/\/svswm-modellbahn.de\/home\/wp-json\/wp\/v2\/pages\/150\/revisions"}],"predecessor-version":[{"id":845,"href":"https:\/\/svswm-modellbahn.de\/home\/wp-json\/wp\/v2\/pages\/150\/revisions\/845"}],"up":[{"embeddable":true,"href":"https:\/\/svswm-modellbahn.de\/home\/wp-json\/wp\/v2\/pages\/2"}],"wp:attachment":[{"href":"https:\/\/svswm-modellbahn.de\/home\/wp-json\/wp\/v2\/media?parent=150"}],"curies":[{"name":"wp","href":"https:\/\/api.w.org\/{rel}","templated":true}]}}